 = -3 - 6*t + 16 + 3*t + 2*t. Let o be n(10). Suppose -58 = -o*f + f. What is the tens digit of f?
2
Suppose 143720 = 13*y - 90982. What is the ten thousands digit of y?
1
Let l(q) = 73*q - 3. Let i be l(9). Let u = i - -288. Suppose 0*h + u = 4*h - 2*k, h - 2*k - 240 = 0. What is the tens digit of h?
3
Suppose -z - 1948 = -5*w, 4*w = z + z + 1556. Let y = w - -61. What is the units digit of y?
1
What is the units digit of 603 - (-2)/((-8)/4)*(-6 - -10)?
9
What is the thousands digit of 6634*(8 + 104/(-16)*1)?
9
Let c(z) = -z**3 + 8*z**2 + 2*z - 11. Let u be c(8). Let g(a) = 52 - 94 + 49 - a**2 + 4*a. What is the units digit of g(u)?
2
Let c(n) = 9*n**2 - n + 2. Let z be c(1). Suppose f - 40 = 5*b, -22 - z = -f + b. Suppose -j = -4*k - 19, f + 27 = 3*j + 5*k. What is the units digit of j?
9
Let k(x) = -x**3 - 16*x**2 - 17*x - 27. Let i be k(-15). Suppose m + 96 = 4*n - 4*m, -3*n = -i*m - 75. Suppose z - n = 32. What is the tens digit of z?
6
Suppose 10*f - f + 11*f = 99100. What is the thousands digit of f?
4
Let y(r) = -r**2 + 746. Let m be y(0). Let z = m - 457. What is the units digit of z?
9
Let o = 10462 + -6510. What is the thousands digit of o?
3
Let q(z) = z**3 - 14*z**2 + 33*z + 14. Let d be q(11). Suppose -35 = 5*f + 3*c, 20 = -2*c + 6*c. Let h = f + d. What is the units digit of h?
4
Let x(i) = 21 + 3*i + 8*i**2 - i - 3*i + i**3 + 0*i - 9*i. Suppose a = 2*w + 13, a + 3*a = 3*w + 7. What is the units digit of x(w)?
0
Suppose -5 - 3 = -2*t + w, -3*t = -5*w - 19. Suppose 26*x - 4 = 24*x, -3*f = -t*x - 2232. What is the units digit of f?
6
Let i be 797 + ((-13)/39)/((-2)/(-12)). Let c = i - 417. What is the units digit of c?
8
Let j = -70 + 75. Let p(b) = -2 - 15*b + 0 - j + 3. What is the tens digit of p(-6)?
8
Suppose 5*r - 276 = 4*r. Suppose 348 = 4*s - r. What is the hundreds digit of s?
1
Let m be (-6 + 3)/(3/(-2)). Let q(u) = -13*u - 10 - m + 11 + 24. What is the tens digit of q(-11)?
6
Let z(v) = 3*v**2 - 10*v + 16. Suppose -28 + 160 = -11*m. What is the hundreds digit of z(m)?
5
Let y(m) = 126*m + 6427. What is the tens digit of y(0)?
2
What is the tens digit of (-2)/(-17) - (-8 + 9581085/(-255))?
8
Let z(m) = -3*m**3 - 3*m**2 + 11*m + 5. Let c be -6*8/12 - 0. Let w be z(c). Suppose q - 3*f - w = 0, -3*f = -4*q + f + 460. What is the units digit of q?
0
Let m(d) = 3*d**2 - 1. Let l be m(6). Suppose l = -6*g + 431. Let u = -12 + g. What is the units digit of u?
2
Let m = -52 + 57. Suppose m*c = 607 + 3. What is the hundreds digit of c?
1
Let g = 113 - 58. Suppose g*r - 3300 = 50*r. What is the tens digit of r?
6
Let j be (-39)/(-15) - (-6)/(-10). Suppose 4*q = 34 - j. Suppose -q*d + 203 = -733. What is the units digit of d?
7
Suppose -19*x + 1359 = -2023. Let h = 303 - x. What is the hundreds digit of h?
1
Let l(z) = 13*z + 251. Let i be l(-19). Let o(w) = 22*w**3 - 6*w**2 - 13*w + 8. What is the hundreds digit of o(i)?
2
Let x(f) = 103*f + 26. Let u be x(-2). Let k = u - -1874. What is the hundreds digit of k?
6
Let h(w) = w - 1. Let b(f) be the second derivative of -15*f**3 + 2*f**2 - 10*f. Let a(s) = -b(s) - 2*h(s). What is the units digit of a(1)?
6
Let g(p) = p**3 + 18*p**2 + 23*p + 101. Let n be g(-17). Let j(r) = -15*r + 1. What is the tens digit of j(n)?
1
Let w(r) = -r**3 + 11*r**2 - 5*r + 28. Let q be w(4). What is the tens digit of (-1767)/((-7 + 1)*30/q)?
7
Let m = -142 + 156. What is the units digit of (-769)/(-3) - (m/(-3) + 4)?
7
Suppose 3*t - 12 = 0, -2*t - 2*t = -3*z - 16. Suppose -g = 3*g - 8, z = -5*p + g + 4013. What is the tens digit of p?
0
Let h(j) = -232*j**3 + 231*j**3 - 3*j**2 + 7*j**2 + 15*j**2 + j**2 + 38. What is the tens digit of h(20)?
3
Let m(k) = 10876*k + 6. Let h be m(-1). Suppose -2*f = -10 + 18. What is the tens digit of h/(-70) - (f/(-14) + 0)?
5
Let n = 15690 - 7625. What is the units digit of n?
5
Let y be 77145/(-10) + 11 - 2/4. What is the tens digit of (y/18)/(3/(-6))?
5
Let t be (2/(-3))/((-2)/9). Suppose 0 = 4*g - q - 1384, q - 1023 - 15 = -3*g. Suppose 2*b = 2*i - g, -2*i = -t*b + 48 - 396. What is the hundreds digit of i?
1
Let t(u) = -4*u + 7. Let l be t(14). Let z = l - -52. Suppose n + z*n = 268. What is the units digit of n?
7
Let f(x) = 3*x + 72. Let p be f(0). Suppose -1974 + 11 = -13*d. Let h = d - p. What is the units digit of h?
9
What is the hundreds digit of (-5 - -13)/(((-2)/(-8))/((-69783)/(-168)))?
2
Let d be (-18)/(-126) + 18982/14. Let m be (d/(-10))/((-4)/(-10)). Let j = -178 - m. What is the units digit of j?
1
Suppose -2*k - h - 21 = 0, -25 = -4*h - h. Let l(o) be the first derivative of -o**4/4 - 4*o**3 + 9*o**2/2 + 31*o + 822. What is the units digit of l(k)?
3
Suppose 20*y = 8191 + 276067 + 257282. What is the tens digit of y?
7
Suppose -170*w = -178*w + 48. Suppose a + 1755 = w*a - 4*b, 0 = 2*b - 10. What is the tens digit of a?
5
Let m(g) = 179*g**2 + 26*g + 33. What is the units digit of m(-7)?
2
Suppose -2*j = -7*j + 210. Let f = 427 + j. Suppose 0 = -11*v + 4*v + f. What is the units digit of v?
7
Let h be (-3)/((-3)/78*6). Let q(b) = 2*b**3 - 23*b**2 + 61*b - 29. What is the tens digit of q(h)?
7
Let z be (1 - (0 - 4)) + (146 - 5). Let j = z + 203. What is the tens digit of j?
4
Let t(x) = -x**3 - 70*x**2 - 70*x + 574. What is the hundreds digit of t(-69)?
6
Let p be (-2)/10 + 123/15. Let d(f) be the first derivative of 5*f**2/2 - 30*f + 3. What is the tens digit of d(p)?
1
Let d be ((-74)/(-4) + -5)*-240. What is the units digit of (22/8)/((-45)/d)?
8
What is the thousands digit of -198*(-43)/2*(-7)/56*-8?
4
Suppose -85831 = -4*x + x + 15698. What is the tens digit of x?
4
Suppose 3*i - 70 = -p + 6*i, -5*i + 162 = 2*p. Let x = -66 + p. Suppose -x*n + 0*n = -90. What is the units digit of n?
9
Suppose 0 = 39*b + 4*b + 559. What is the thousands digit of 544/4*(-5 - b) - -6?
1
Let u = 6 - 9. Let b be -728 + (13 - 1)/u. What is the tens digit of (3/(-18)*3)/(3/b)?
2
Let m be (-276)/(-42) + (-6)/(-14). Suppose 915 = m*j - 2*j. Let v = j + -121. What is the units digit of v?
2
Let n be -5 - -2*-6*3/(-12). Let a(b) = -b**3 - b**2. Let v be a(n). Suppose v*s = 2*s + 3*m + 230, 3*s + m = 356. What is the units digit of s?
8
Let p(r) = -2*r**2 + 32*r - 13. Let j be p(14). Let m = j - -236. What is the hundreds digit of m?
2
What is the hundreds digit of (-32917)/(-3) - (2 + 2/6)?
9
Let r = -21429 + 51703. What is the hundreds digit of r?
2
Let u be (4 - 3)/((-1)/309). Let g = -217 - u. Let r = g - 55. What is the tens digit of r?
3
Let b(z) = z**2 + 35*z + 82. Let u be b(-32). What is the hundreds digit of (u/(-5))/((-48)/(-11640))?
6
Suppose -c - 4*u + 331 = -3*u, 5*u = 4*c - 1342. Suppose 0 = 2*m - 89 + c. Let p = 227 + m. What is the hundreds digit of p?
1
Let v(i) = 22*i**2 + 3*i + 12. Let s be v(-10). Suppose -2*w + s = -0*w - 2*z, -3*w = -4*z - 3272. What is the thousands digit of w?
1
Suppose -35*u + 971270 = 804991 - 991346. What is the tens digit of u?
7
Let p be (18/15)/(66/67760). Suppose 0*q = 3*n + 3*q - 1248, -3*n = -5*q - p. What is the units digit of n?
4
Let q(u) = -14*u. Let i be q(1). Let v(o) = -2*o**2 + 33 + 3*o**2 + 28*o - 12*o. What is the units digit of v(i)?
5
Let p = -20 - -22. Let n be (312/(-65))/(p - 22/10). Suppose -79 = -q + n. What is the hundreds digit of q?
1
Let a = -935 + 1934. Suppose -17*v + 14*v + a = 0. What is the tens digit of v?
3
Suppose 5 = -5*f, -861*y - 4*f = -859*y - 30830. What is the units digit of y?
7
Let p be 7/5 - -6*(-7)/(-70). Suppose 3*d - 583 = p*d. What is the units digit of d?
3
Let c(j) = 21*j**3 + 30*j**2 - 39*j + 491. What is the hundreds digit of c(16)?
5
What is the thousands digit of -1*71924/(-32) - 75/(-200)?
2
Suppose -11*h = 1 - 309. Let n = 32 - h. Suppose 4*d - 12 = 0, -2*m - 455 = -n*m + d. What is the tens digit of m?
2
Let z(j) = 56*j + 19. Let g(s) = -4*s**3 - 19*s**2 + 4*s + 7. Let q be g(-5). What is the units digit of z(q)?
1
Suppose 35*g - 876981 - 509579 = 0. What is the thousands digit of g?
9
Let a = 5873 - 3916. What is the hundreds digit of a?
9
Suppose 1396*j + 1340 = 1406*j. Suppose -3*x + 605 = 5*z, -442 = -5*x + 2*z + 587. Suppose 5*t - 51 = 3*f + j, -5*t = f - x. What is the tens digit of t?
4
Let n(g) = g**2 - 23*g + 1378. What is the units digit of n(196)?
6
Let x(p) =